= 76. Let w = -7 - -15. Calculate the highest common factor of w and x.
8
Let p be -1 + ((-1)/1)/((-2)/4). What is the greatest common divisor of p and 5?
1
Let b be ((-2)/6*2)/((-3)/189). What is the highest common divisor of 105 and b?
21
Let f(z) be the second derivative of -z**5/20 - 5*z**4/12 + 4*z**3/3 + 13*z**2/2 + 3*z. Let o be f(-6). Calculate the greatest common divisor of 7 and o.
1
Let p(x) be the first derivative of x**3/3 + 3*x**2/2 - 4*x + 5. Let z be p(4). Calculate the highest common factor of 96 and z.
24
Suppose 2*u - 6*u = -100. Let w = 29 - u. What is the greatest common factor of 32 and w?
4
Let a(d) be the second derivative of -d**3/6 - 3*d**2/2 - 2*d. Let g be a(-7). Calculate the highest common divisor of 20 and g.
4
Let q = -7 - -29. What is the highest common factor of q and 11?
11
Let u(a) = -3*a - 16. Let h(s) = 9*s + 47. Let g(x) = 6*h(x) + 17*u(x). Let q be g(14). Calculate the highest common divisor of 13 and q.
13
Let l = -43 - -73. What is the highest common factor of l and 20?
10
Let g be (-100)/16 + 1/4. Let p be (g/8)/(4/32). Let c = -2 - p. Calculate the greatest common divisor of c and 20.
4
Suppose 8*t = 5*t + 45. Let m be (3/2 + -1)*20. Calculate the highest common factor of m and t.
5
Let y = 24 - 19. Suppose g - 4*g - y*f = -255, -2*f + 84 = g. What is the greatest common divisor of g and 30?
30
Let h(p) = p + 8. Let c(v) = 2*v + 7. Let x(a) = 5*c(a) - 6*h(a). Let y be x(6). What is the highest common factor of 121 and y?
11
Let w be ((-60)/(-5) + -4)*38/4. Calculate the highest common divisor of w and 19.
19
Suppose 59 = 3*x - 4*f, f - 5 = -4. What is the highest common divisor of x and 14?
7
Let u(c) = -c + 279. Let j be u(0). What is the greatest common factor of 31 and j?
31
Let p(u) = -8*u - 8. Let k be p(-7). Let r = k - 18. Suppose 50 = 5*t + g + 4*g, g = -2*t + 15. Calculate the greatest common factor of t and r.
5
Let a = 0 + 4. Suppose a*n = -1 - 23. Let o be 32/n*(-18)/4. Calculate the greatest common factor of 3 and o.
3
Let x = -1 - -5. Suppose h - 1 = x. What is the greatest common divisor of h and 25?
5
Suppose c + 5*q + 2 = -2*c, -2*c + 8 = q. Let l be (-429)/(-9) - (-3)/9. What is the greatest common divisor of l and c?
6
Let g(b) = 3*b**2 - b - 1. Let x be g(-1). Let s be 7/x + (-3)/9. Let z = 3 + 15. What is the greatest common factor of s and z?
2
Let l be 2 + 0 - 140/(-7). Calculate the greatest common factor of l and 55.
11
Let t = -27 + 59. Suppose v + 2*v - 45 = 5*c, 0 = -2*v + 4*c + t. What is the greatest common divisor of 2 and v?
2
Suppose 4*n = 6*n - 14. Let c(z) = 10*z - z - 2*z - 1. Let k be c(n). Calculate the greatest common factor of 6 and k.
6
Let d(j) = 4*j**2 + 2*j - 3. Let p be d(3). Let o = p + -25. Calculate the greatest common factor of 154 and o.
14
Suppose -2*j = 2*j - 16, 2*d = j. Suppose -d*m - 1 = -w, 8*w + m - 27 = 3*w. Suppose -14 - 6 = -w*h. What is the highest common divisor of h and 4?
4
Suppose 5*k = -2*x - 20, k + 5*x = x - 22. Let l = k + 4. Suppose -120 = -4*j - 96. What is the highest common factor of l and j?
2
Let t be 1*-1*(-17)/(68/88). What is the highest common divisor of t and 4?
2
Let n be (-80)/12 + 2/3. Let j(q) = q**3 + 6*q**2 - 5*q + 6. Let m be j(n). What is the greatest common factor of 9 and m?
9
Let o be (-9)/(-6) + (-45)/(-6). Let i(k) = -k**3 + 8*k**2 + 9*k + 2. Let t be i(o). Suppose 0 = t*b - 4 + 2. What is the greatest common factor of b and 6?
1
Let x(t) be the second derivative of 3/2*t**3 - 3*t - 9/2*t**2 - 1/12*t**4 + 0. Let z be x(6). What is the greatest common divisor of z and 9?
9
Suppose -i = -o + 203, -4*i + 430 = -2*o + 4*o. Let r be (-6)/9*o/(-2). Calculate the greatest common divisor of r and 46.
23
Let p(a) = a**2 + a + 2. Let j be p(5). Let g = 50 - j. Suppose -y - 3*q + 14 = -0*y, -2*y - q = -8. What is the highest common factor of y and g?
2
Let a be (48/(-20))/(2/(-5)). Let u be (-50 - 1)/(7 - a). Let p = u + 86. Calculate the greatest common factor of p and 7.
7
Suppose 2*x + o + 1 = x, -x + 2*o = 16. Let n be 27*1 - x/6. Let l(q) = -q**3 + 14. Let i be l(0). What is the greatest common divisor of n and i?
14
Let v(i) = -9*i - 1. Let g be v(-1). Calculate the highest common factor of g and 88.
8
Suppose 3*q - 102 = -3*m, -q = 5*m + 2*q - 162. Calculate the highest common factor of 45 and m.
15
Let b(v) = -3 + 3 + 2*v + 2. Let z be b(-4). Let m(q) = -2*q - 3. Let s be m(z). What is the greatest common factor of s and 6?
3
Let i(y) = y**3 - 5*y**2 - 5*y + 9. Let g be i(6). Suppose -87 - g = -3*w. Let a = w - 16. What is the greatest common divisor of 6 and a?
6
Let v be 0 + 172*-1*7. Let p be v/(-24) - 1/6. Calculate the highest common factor of p and 20.
10
Suppose -3*j + 5*p = -5, -4 = -2*j + 5*j + 4*p. Suppose j*n - 2*n + 76 = 0. What is the greatest common factor of n and 57?
19
Let j be (55/2)/(7/14). Calculate the highest common factor of j and 11.
11
Let x be 23 - (2/2 - -2). Suppose 0*b + x = 2*b. What is the highest common divisor of 25 and b?
5
Let t = 59 + -31. Calculate the greatest common factor of 4 and t.
4
Suppose 8 = -2*d - 4*n, d - 1 - 10 = 3*n. Suppose f - d*f = t, -15 = f + 4*t. What is the highest common divisor of f and 45?
5
Let a(i) = 4*i**3 + 6*i - 5. Let d be a(3). Calculate the highest common factor of 11 and d.
11
Suppose 40 = 5*t - 60. Calculate the highest common factor of t and 70.
10
Suppose -5*d - 3 = -2*d. Let m be 1 + d + (-2)/(-2). Suppose -2*s + 49 = m. What is the highest common factor of s and 60?
12
Suppose 4*i = -12, z - 5*i = 8 + 9. Calculate the greatest common factor of z and 2.
2
Let h(n) = -2*n**2 + 23*n - 25. Let s be h(10). What is the greatest common divisor of s and 160?
5
Let r be 66/15 - 2/5. Let o(l) be the first derivative of -l**4/4 + 10*l**3/3 + 6*l**2 - l + 3. Let i be o(11). What is the greatest common factor of r and i?
2
Let u be (7 - -15) + -2 + 6. What is the greatest common factor of 13 and u?
13
Let t = 4 + -1. Suppose -t*q + 0*q = -60. Let s(x) = -x + 9. Let r be s(4). Calculate the greatest common divisor of r and q.
5
Let k(p) = 2*p + 372. Let s be k(0). Suppose -5*f + 0*f + s = 3*v, -2*v + 223 = -5*f. Calculate the highest common factor of 17 and v.
17
Suppose -4*y - 3*g + 60 = 0, 0 = y - 2*g - 16 - 10. Let l(m) = m + 4. Let a be l(-4). Suppose a = -z - z + y. Calculate the greatest common divisor of z and 9.
9
Let y(s) = -42*s - 3. Let k(m) = 126*m + 8. Let w(a) = 4*k(a) + 11*y(a). Let h be w(1). Let p = 28 + h. What is the greatest common factor of 23 and p?
23
Let c(x) = x**2 - 5. Let w be c(5). What is the greatest common factor of w and 80?
20
Let i be (67*-1)/(-1) - 2. Suppose -2 = 2*r - 3*r. Suppose 0 = r*j + j - 39. Calculate the greatest common divisor of i and j.
13
Suppose 0 = h - 4*r, -3*r + 65 = 2*h + 2*r. Let w = 23 - h. Calculate the greatest common factor of w and 12.
3
Let m = -3 + -6. Let u(a) = 0 - 7*a - 9*a**2 + a**3 - 2*a**3 + 1. Let p be u(m). Calculate the highest common factor of 16 and p.
16
Suppose 5*c - 465 = -5*l, -c - 3*c - 2*l = -378. What is the highest common factor of c and 12?
12
Let x be (-96)/1*(-1)/2. Let h = 2 - -4. Calculate the highest common factor of h and x.
6
Let g(q) = 13 - 19 - 3*q + 8 - 3*q. Let h(u) = u**3 - 6*u**2 + 4*u - 3. Let n be h(5). Let y be g(n). What is the greatest common factor of 25 and y?
25
Let y be 61 - (-1)/((-5)/5). What is the highest common divisor of y and 15?
15
Let h be (70/(-21))/(1/(-27)). What is the greatest common factor of h and 36?
18
Suppose d + 30 = 2*d. Let g = -105 + 165. Suppose 3*w = -0*w + g. What is the greatest common divisor of w and d?
10
Let w be (42/(-8))/(3/(-12)). Suppose -4*z - 37 = -4*m + 3*m, 0 = -2*z + 3*m - w. Let l = 13 + z. What is the highest common factor of l and 8?
4
Suppose -5 = -l, -2*k + 6 = -k + 4*l. Let p be (-542)/k + 10/35. What is the highest common factor of 13 and p?
13
Let d = 16 + -8. Let q(w) = w**2 - 4*w + 5. Let n be q(d). Suppose 5*j + 2 = n. Calculate the greatest common factor of 77 and j.
7
Suppose 3*s + 38 = 206. Let o be ((-136)/10)/((-4)/(-90)). Let l be o/(-39) - 6/(-39). Calculate the highest common factor of l and s.
8
Let c be 141/21 - (-2)/7. Let a be (-3)/(-9) - (-188)/3. Calculate the highest common factor 